 5. Suppose -5*s - 32 = -3*s. Let l = -22 - s. Is i(l) prime?
True
Suppose o - 3*m = -m + 4247, 0 = 2*o - 3*m - 8498. Suppose 6*w - o = w. Is w a prime number?
False
Let j = -101 - -166. Suppose 0 = -5*f - z + 65, -3*z + 0*z - j = -5*f. Is f composite?
False
Let t(n) = 1572*n**2 - 2*n - 9. Is t(-2) composite?
True
Is (7 - (-3 - -6)) + 2155 + -6 composite?
False
Suppose 0 = -5*v + 17*v - 22116. Is v a composite number?
True
Let l = 78 - 78. Is (24270/12 - 0)*(2 + l) composite?
True
Let w be -23526*(4/(-3))/4. Suppose 2*s - 4*k - 5221 = -3*k, -5*k - w = -3*s. Is s composite?
False
Let u(v) = v**2 + 35*v + 133. Is u(-31) a prime number?
False
Let a(w) = -261*w - 49. Is a(-8) a prime number?
True
Let g(c) = -c**2 + 81*c - 241. Is g(40) composite?
False
Let j(l) = -1399*l + 80. Is j(-19) a prime number?
False
Suppose -y = y + 6478. Let m = y + 5532. Is m a prime number?
True
Suppose b = 2*y - 3*b + 20, 0 = 3*y + b + 16. Let j(g) = -3 + g - 5*g + 8 - 29*g. Is j(y) a composite number?
True
Let j(h) = -h**2 - 4*h + 2. Let n(u) = u**3 + u**2 - 1. Let d be n(-2). Let l be j(d). Is l/6*-6 - -124 a composite number?
False
Let d = -11 - 30. Let w = -54 + d. Let l = 154 + w. Is l composite?
False
Let d(c) = -110*c + 4. Let w be (-11)/(-2) - 1/2. Let q = 2 - w. Is d(q) a prime number?
False
Let a(z) = 4*z**3 - 2*z**2 + z. Let b be a(1). Suppose r - b*r + 50 = 0. Suppose 0 = 3*u - 149 - r. Is u a prime number?
False
Let c(s) = 67*s**3 - 5*s**2 - 5*s + 7. Suppose -3*j + 37 = 5*l, 2*j + 3*l = 8*l - 17. Is c(j) a composite number?
True
Let y(d) = -89*d + 39 - 38 + 291*d. Let w be (-5)/((-10)/(-4)) - -3. Is y(w) a prime number?
False
Suppose -2*g = 5*x + 3, -5*g - 3*x = -11 - 10. Let y(h) = 2*h**3 + 8*h**2 - 4*h + 3. Let n be y(g). Let c = -280 + n. Is c a prime number?
True
Let l = 176 + 851. Is l/2 - (-6)/12 a composite number?
True
Is ((-885)/(-9))/(5*7/105) composite?
True
Suppose -3*r = -4*g - 9182, r - 3061 = g - 0*g. Is r composite?
True
Suppose -154 = w + 4*z + 450, -3*w + 4*z = 1844. Let d = -203 - w. Is d a composite number?
False
Suppose 0 = -34*w + 37*w - 12633. Is w prime?
True
Let y(c) = c**3 - 5*c**2 + c. Let s be y(5). Suppose -1 = -3*l + s. Suppose 20 = -5*p, -3*z + 159 = -l*z + 5*p. Is z prime?
True
Let c(w) be the second derivative of w**4/12 - w**3/3 + 211*w**2 - 8*w. Is c(0) composite?
True
Let a(f) = 5047*f**2 + 7*f - 1. Is a(-1) prime?
True
Let s = 33 - 19. Suppose -y = t - 2, -y - 18 = -0*t - 4*t. Is (-10284)/(-28) - t/s prime?
True
Suppose -2*r - 2421 = -3*v - 21194, -4*r = v - 37525. Suppose -13*t + r = -7765. Is t prime?
True
Let u(x) = 1210*x + 7. Is u(1) a composite number?
False
Suppose 5*h + 3*g + 5795 = 6*h, 20 = 5*g. Is h prime?
True
Suppose 4*g = -g + 35. Let f(n) = -n**2 + 6*n + 10. Let s be f(g). Let m = s - -188. Is m a prime number?
True
Let c(n) = -157*n - 1. Let a be c(-1). Suppose -3 = -2*u + 4*l + 15, 3 = 3*u + 2*l. Suppose a = u*q - 111. Is q a composite number?
False
Let x(h) = 948*h + 67. Is x(17) composite?
False
Suppose 2*y = y - 3*u + 733, 4*y + 4*u - 2900 = 0. Let n = 258 + y. Is n a composite number?
True
Let a(b) = 5*b**2 + b. Let w be a(1). Suppose -q - w = 8. Let u = 17 - q. Is u prime?
True
Let o(f) = -f**2 - 6*f + 12. Let i be o(-8). Is 1/(8865/(-2217) - i) prime?
True
Suppose 0 = 2*s - 828 + 214. Let p = 824 - s. Is p composite?
True
Suppose -4*y = -4 - 16. Let n = 7435 + -3937. Suppose m + y*m = n. Is m composite?
True
Let x = -187 + 5246. Is x composite?
False
Let g be 2/8 - (-26)/(-8). Is (970/g)/(1 + (-20)/12) a prime number?
False
Suppose 3*i - 7*i = -9980. Suppose 2*m - i = -f, -12477 + 2 = -5*f + m. Suppose -c + 67 + 420 = 5*q, 5*q = 5*c - f. Is c composite?
True
Suppose -4*m - 5*g = -15, -4*m - 2*g = g - 17. Suppose m*d = 5*y + 5775, -2*y + 5*y = 5*d - 5767. Is d a prime number?
True
Let l(a) = -a**3 - 7*a**2 - 7*a - 1. Let d be l(-5). Let o be -63*(0 - d/(-3)). Let c = o + -187. Is c composite?
False
Let g(o) = 4*o**3 - 20*o**2 + 9*o + 53. Is g(13) a prime number?
False
Let c be 2 + 10*(-3 - -4). Let w be (-3)/c - 682/(-8). Let x = 166 + w. Is x composite?
False
Suppose 2*x - 2*o - 1185 = 5*x, 4*o = -2*x - 790. Is (-6)/3 + -1 + -1 - x prime?
False
Suppose -265*n - 124922 = -267*n. Is n composite?
True
Let k = 589 - 368. Suppose w = -2*t + t + 49, -5*w + 3*t = -k. Is w composite?
True
Let v be (-8)/2 + -2 + -1 + 9. Suppose v*u = -9*u + 8107. Is u a composite number?
True
Let o be ((-4)/8*-1 - -2)*-2. Is (75/(-3))/o - -2448 prime?
False
Is -5 + 4 + (-542)/(-1) a prime number?
True
Suppose 136 = h + 2*g + 3*g, -522 = -4*h + 2*g. Is h a composite number?
False
Let o(d) = 77*d + 81. Is o(5) composite?
True
Suppose -2*r - 16 = -6*r. Suppose -5*d - 4*z = -25, 4*z + 1 = -r*d + 21. Suppose 0*h - 3*h + d*c = -311, 4*c + 501 = 5*h. Is h a prime number?
True
Let c be 8/(-5)*(35/(-14) - 0). Let l(s) = s - 2. Let z be l(4). Suppose c*w - 314 = -z*p, -187 + 585 = 5*w - 3*p. Is w prime?
True
Let l = 75 - 74. Is (756/4 + l)/(2 - 0) a prime number?
False
Suppose t + 7 = 9. Suppose 3*o - 293 = t*o. Is o prime?
True
Let j(f) = f**2 + 2*f - 24. Suppose 8*p = p + 77. Is j(p) a composite number?
True
Suppose 2*k - 4 = 4*k. Let p = 1 - k. Suppose 5*r + 4*s - 765 = 0, -p = 2*s + 7. Is r a prime number?
True
Suppose 3*i + 27926 = 10781. Is (-4)/6 + i/(-27) a prime number?
True
Let r(u) be the first derivative of -6*u**2 - u - 10. Let j = -12 + 7. Is r(j) prime?
True
Suppose -109 - 5 = 19*h. Is 6/(-4)*12292/h prime?
False
Let i(s) be the first derivative of 8*s**3 + 5*s**2/2 - s + 5. Let u(y) be the first derivative of i(y). Is u(14) composite?
False
Let h(a) = 6329*a**2 + a + 25. Is h(-3) a composite number?
False
Suppose 3*s - 5*h = -3, 4*s + 2*h - 10 = 12. Suppose 2*a - s = i - 0*a, 5*i + 4 = 2*a. Suppose -k + 3*k - 254 = i. Is k prime?
True
Let k = 20 + -15. Suppose -2*n + 321 = k*y, 0 = 4*n - n - 2*y - 491. Is n a prime number?
True
Let k(v) = -v**2 + 3*v - 2. Let c be k(4). Let w be 1 - -53 - (5 + c). Suppose -4*x - 109 = -3*b, 3*x - w = -2*b + 46. Is b prime?
True
Let w(c) = -22*c + 3. Suppose -2*m = -m - 3*a + 12, a = 3*m + 4. Suppose m = -4*i - 16, 2*i = -g - 15 - 0. Is w(g) prime?
True
Let l be (-4)/18 - (-1190)/9. Suppose -5*t = -l - 308. Suppose 0 = 2*s + w - 96, 2*s = -0*s - 5*w + t. Is s a composite number?
True
Suppose 35*c - 31*c - 10012 = 0. Is c prime?
True
Let l be (-46)/6 - 13/39. Is ((-5090)/15)/(l/12) a prime number?
True
Suppose 0*q = q - 3. Suppose -1689 = -0*r - q*r. Is r a prime number?
True
Let j(x) = x + 1. Let z be j(-2). Let n be (-7 - z)/(18/(-9)). Is 0/5 - n - -374 a composite number?
True
Is 8060133/497 + (-8)/14 a composite number?
False
Suppose 3*t - 1082 = 2*t. Suppose -3*n + t = -n. Is n a composite number?
False
Suppose -463105 = -5*s + 2*b, 15*s + 277879 = 18*s + 2*b. Is s composite?
False
Suppose -5*g + 4*b + 5993 = 0, -b + 1608 - 404 = g. Is g composite?
False
Let b be 5745/1 + 21/7. Suppose -14*q + b = -2*q. Is q prime?
True
Suppose 7*a = 5*a + 12. Suppose -343 = -3*p + 2*x, -a*p + 565 = -p - 2*x. Suppose 3*s + p = 708. Is s prime?
True
Let d(f) = f**2 + 6*f - 5. Let m(t) be the second derivative of -t**4/12 - t**3 + 5*t**2/2 - 4*t. Let o(h) = 5*d(h) + 4*m(h). Is o(-8) a composite number?
False
Let u = -867 + 540. Let y = 260 - u. Is y a prime number?
True
Suppose 0 = -7*c + 21 + 7. Suppose 0 = 4*l + c*g - 5876, 4*l + 497 = -3*g + 6375. Is l composite?
False
Let m = 56 + -32. Let p(q) = m*q**2 - 3 - 1 - 5*q + 2 + 4. Is p(3) composite?
True
Suppose 3*o + 10 = u, 4*o + 34 = 4*u + 2. Suppose 2909 = 5*d + 5*w - u*w, 3*w = 9. Is d a prime number?
False
Let t(g) = 47*g**2 - 3*g + 155. Is t(-12) a composite number?
False
Let p = -945 + 1834. Is p composite?
True
Suppose 0 = 3*n + 3*j - 4911, -8*n + 4*j = -4*n - 6548. Is n a prime number?
True
Suppose 2*u + 17 = 57. Let c be u/2 + (2 - 1). Let x = 26 - c. Is x prime?
False
Is (6 - -1673 - 3)/2 composite?
True
Let d be (2 - 142/4)/((-11)/(-22)). Let c = d + 194. Is c prime?
True
Let p(d) = -28*d + 42 + 0*d - 45*d. Suppose 3*v = 3*j - 54, -3*v + 5*j - 69 = -13. Is p(v) prime?
True
Suppose -72*h + 68*h + 5*u + 239226 = 0, -2*h + 2*u = -119614. Is h a composite number?
False
Suppose -4*z = -4*i - 5*z + 9747, 2*z = -4*i + 9746. Is i a prime n